{"id":189,"date":"2020-08-21T12:25:18","date_gmt":"2020-08-21T10:25:18","guid":{"rendered":"https:\/\/www.urlaub-erlenbach.de\/?page_id=189"},"modified":"2020-09-07T16:17:36","modified_gmt":"2020-09-07T14:17:36","slug":"kloster-triefenstein","status":"publish","type":"page","link":"https:\/\/www.urlaub-erlenbach.de\/index.php\/kloster-triefenstein\/","title":{"rendered":"Triefenstein"},"content":{"rendered":"\n<h2 class=\"wp-block-heading\">Kloster Triefenstein<\/h2>\n\n\n\n<p>liegt malerisch zwischen Lengfurt und Rettersheim .<\/p>\n\n\n\n<p>Hier veranstalten die Christusbr\u00fcder ganzj\u00e4hrig Messen und Veranstaltungen.<\/p>\n\n\n\n<h2 class=\"wp-block-heading\">Schloss Homburg<\/h2>\n\n\n\n<p>Das Gebsattel-Schloss ist der &#8222;H\u00f6hepunkt&#8220; bei den Weinfesten, die dort oben stattfinden. Ein wunderbarer Blick auf das Maintal  und die umliegenden Weinberge versetzt  manchen in Urlaubsstimmung .<\/p>\n\n\n\n<figure class=\"wp-block-gallery columns-2 is-cropped wp-block-gallery-1 is-layout-flex wp-block-gallery-is-layout-flex\"><ul class=\"blocks-gallery-grid\"><li class=\"blocks-gallery-item\"><figure><img loading=\"lazy\" decoding=\"async\" width=\"1024\" height=\"553\" src=\"https:\/\/www.urlaub-erlenbach.de\/wp-content\/uploads\/2020\/08\/23-1024x553.jpeg\" alt=\"\" data-id=\"208\" data-full-url=\"https:\/\/www.urlaub-erlenbach.de\/wp-content\/uploads\/2020\/08\/23.jpeg\" data-link=\"https:\/\/www.urlaub-erlenbach.de\/23\/\" class=\"wp-image-208\" srcset=\"https:\/\/www.urlaub-erlenbach.de\/wp-content\/uploads\/2020\/08\/23-1024x553.jpeg 1024w, https:\/\/www.urlaub-erlenbach.de\/wp-content\/uploads\/2020\/08\/23-300x162.jpeg 300w, https:\/\/www.urlaub-erlenbach.de\/wp-content\/uploads\/2020\/08\/23-768x415.jpeg 768w, https:\/\/www.urlaub-erlenbach.de\/wp-content\/uploads\/2020\/08\/23-1536x829.jpeg 1536w, https:\/\/www.urlaub-erlenbach.de\/wp-content\/uploads\/2020\/08\/23.jpeg 1600w\" sizes=\"(max-width: 1024px) 100vw, 1024px\" \/><\/figure><\/li><li class=\"blocks-gallery-item\"><figure><img loading=\"lazy\" decoding=\"async\" width=\"1024\" height=\"726\" src=\"https:\/\/www.urlaub-erlenbach.de\/wp-content\/uploads\/2020\/08\/4-1024x726.jpeg\" alt=\"Weintrauben_1\" data-id=\"159\" data-full-url=\"https:\/\/www.urlaub-erlenbach.de\/wp-content\/uploads\/2020\/08\/4.jpeg\" data-link=\"https:\/\/www.urlaub-erlenbach.de\/4\/\" class=\"wp-image-159\" srcset=\"https:\/\/www.urlaub-erlenbach.de\/wp-content\/uploads\/2020\/08\/4-1024x726.jpeg 1024w, https:\/\/www.urlaub-erlenbach.de\/wp-content\/uploads\/2020\/08\/4-300x213.jpeg 300w, https:\/\/www.urlaub-erlenbach.de\/wp-content\/uploads\/2020\/08\/4-768x545.jpeg 768w, https:\/\/www.urlaub-erlenbach.de\/wp-content\/uploads\/2020\/08\/4-1536x1090.jpeg 1536w, https:\/\/www.urlaub-erlenbach.de\/wp-content\/uploads\/2020\/08\/4.jpeg 1600w\" sizes=\"(max-width: 1024px) 100vw, 1024px\" \/><\/figure><\/li><\/ul><\/figure>\n\n\n\n<h2 class=\"wp-block-heading\">Papierm\u00fchle Homburg<\/h2>\n\n\n\n<p>Nach Restaurierung ist die Papierm\u00fchle wieder in einem sehr guten Zustand. Wer m\u00f6chte, kann dort an F\u00fchrungen teilnehmen.<\/p>\n\n\n\n<figure class=\"wp-block-gallery columns-2 is-cropped wp-block-gallery-2 is-layout-flex wp-block-gallery-is-layout-flex\"><ul class=\"blocks-gallery-grid\"><li class=\"blocks-gallery-item\"><figure><img loading=\"lazy\" decoding=\"async\" width=\"1024\" height=\"768\" src=\"https:\/\/www.urlaub-erlenbach.de\/wp-content\/uploads\/2020\/08\/1-1024x768.jpeg\" alt=\"Papierm\u00fchle_1\" data-id=\"156\" data-full-url=\"https:\/\/www.urlaub-erlenbach.de\/wp-content\/uploads\/2020\/08\/1.jpeg\" data-link=\"https:\/\/www.urlaub-erlenbach.de\/1\/\" class=\"wp-image-156\" srcset=\"https:\/\/www.urlaub-erlenbach.de\/wp-content\/uploads\/2020\/08\/1-1024x768.jpeg 1024w, https:\/\/www.urlaub-erlenbach.de\/wp-content\/uploads\/2020\/08\/1-300x225.jpeg 300w, https:\/\/www.urlaub-erlenbach.de\/wp-content\/uploads\/2020\/08\/1-768x576.jpeg 768w, https:\/\/www.urlaub-erlenbach.de\/wp-content\/uploads\/2020\/08\/1-1536x1152.jpeg 1536w, https:\/\/www.urlaub-erlenbach.de\/wp-content\/uploads\/2020\/08\/1.jpeg 1600w\" sizes=\"(max-width: 1024px) 100vw, 1024px\" \/><\/figure><\/li><li class=\"blocks-gallery-item\"><figure><img loading=\"lazy\" decoding=\"async\" width=\"735\" height=\"1024\" src=\"https:\/\/www.urlaub-erlenbach.de\/wp-content\/uploads\/2020\/08\/3-735x1024.jpeg\" alt=\"Papierm\u00fchle_2\" data-id=\"158\" data-full-url=\"https:\/\/www.urlaub-erlenbach.de\/wp-content\/uploads\/2020\/08\/3.jpeg\" data-link=\"https:\/\/www.urlaub-erlenbach.de\/3\/\" class=\"wp-image-158\" srcset=\"https:\/\/www.urlaub-erlenbach.de\/wp-content\/uploads\/2020\/08\/3-735x1024.jpeg 735w, https:\/\/www.urlaub-erlenbach.de\/wp-content\/uploads\/2020\/08\/3-215x300.jpeg 215w, https:\/\/www.urlaub-erlenbach.de\/wp-content\/uploads\/2020\/08\/3-768x1069.jpeg 768w, https:\/\/www.urlaub-erlenbach.de\/wp-content\/uploads\/2020\/08\/3-1103x1536.jpeg 1103w, https:\/\/www.urlaub-erlenbach.de\/wp-content\/uploads\/2020\/08\/3.jpeg 1149w\" sizes=\"(max-width: 735px) 100vw, 735px\" \/><\/figure><\/li><\/ul><\/figure>\n\n\n\n<figure class=\"wp-block-gallery columns-3 is-cropped wp-block-gallery-3 is-layout-flex wp-block-gallery-is-layout-flex\"><ul class=\"blocks-gallery-grid\"><li class=\"blocks-gallery-item\"><figure><img loading=\"lazy\" decoding=\"async\" width=\"1024\" height=\"595\" src=\"https:\/\/www.urlaub-erlenbach.de\/wp-content\/uploads\/2020\/08\/2-1024x595.jpeg\" alt=\"Maintal_Homburg\" data-id=\"157\" data-full-url=\"https:\/\/www.urlaub-erlenbach.de\/wp-content\/uploads\/2020\/08\/2.jpeg\" data-link=\"https:\/\/www.urlaub-erlenbach.de\/2\/\" class=\"wp-image-157\" srcset=\"https:\/\/www.urlaub-erlenbach.de\/wp-content\/uploads\/2020\/08\/2-1024x595.jpeg 1024w, https:\/\/www.urlaub-erlenbach.de\/wp-content\/uploads\/2020\/08\/2-300x174.jpeg 300w, https:\/\/www.urlaub-erlenbach.de\/wp-content\/uploads\/2020\/08\/2-768x446.jpeg 768w, https:\/\/www.urlaub-erlenbach.de\/wp-content\/uploads\/2020\/08\/2-1536x893.jpeg 1536w, https:\/\/www.urlaub-erlenbach.de\/wp-content\/uploads\/2020\/08\/2.jpeg 1600w\" sizes=\"(max-width: 1024px) 100vw, 1024px\" \/><\/figure><\/li><li class=\"blocks-gallery-item\"><figure><img loading=\"lazy\" decoding=\"async\" width=\"827\" height=\"1024\" src=\"https:\/\/www.urlaub-erlenbach.de\/wp-content\/uploads\/2020\/08\/6-827x1024.jpeg\" alt=\"Weintrauben_2\" data-id=\"161\" data-full-url=\"https:\/\/www.urlaub-erlenbach.de\/wp-content\/uploads\/2020\/08\/6.jpeg\" data-link=\"https:\/\/www.urlaub-erlenbach.de\/6\/\" class=\"wp-image-161\" srcset=\"https:\/\/www.urlaub-erlenbach.de\/wp-content\/uploads\/2020\/08\/6-827x1024.jpeg 827w, https:\/\/www.urlaub-erlenbach.de\/wp-content\/uploads\/2020\/08\/6-242x300.jpeg 242w, https:\/\/www.urlaub-erlenbach.de\/wp-content\/uploads\/2020\/08\/6-768x951.jpeg 768w, https:\/\/www.urlaub-erlenbach.de\/wp-content\/uploads\/2020\/08\/6-1240x1536.jpeg 1240w, https:\/\/www.urlaub-erlenbach.de\/wp-content\/uploads\/2020\/08\/6.jpeg 1292w\" sizes=\"(max-width: 827px) 100vw, 827px\" \/><\/figure><\/li><li class=\"blocks-gallery-item\"><figure><img loading=\"lazy\" decoding=\"async\" width=\"576\" height=\"1024\" src=\"https:\/\/www.urlaub-erlenbach.de\/wp-content\/uploads\/2020\/08\/24-576x1024.jpeg\" alt=\"\" data-id=\"210\" data-full-url=\"https:\/\/www.urlaub-erlenbach.de\/wp-content\/uploads\/2020\/08\/24-e1598006504184.jpeg\" data-link=\"https:\/\/www.urlaub-erlenbach.de\/24\/\" class=\"wp-image-210\"\/><\/figure><\/li><li class=\"blocks-gallery-item\"><figure><img loading=\"lazy\" decoding=\"async\" width=\"1024\" height=\"771\" src=\"https:\/\/www.urlaub-erlenbach.de\/wp-content\/uploads\/2020\/08\/25-e1598006633761-1024x771.jpeg\" alt=\"\" data-id=\"212\" data-full-url=\"https:\/\/www.urlaub-erlenbach.de\/wp-content\/uploads\/2020\/08\/25-e1598006633761.jpeg\" data-link=\"https:\/\/www.urlaub-erlenbach.de\/25\/\" class=\"wp-image-212\" srcset=\"https:\/\/www.urlaub-erlenbach.de\/wp-content\/uploads\/2020\/08\/25-e1598006633761-1024x771.jpeg 1024w, https:\/\/www.urlaub-erlenbach.de\/wp-content\/uploads\/2020\/08\/25-e1598006633761-300x226.jpeg 300w, https:\/\/www.urlaub-erlenbach.de\/wp-content\/uploads\/2020\/08\/25-e1598006633761-768x578.jpeg 768w, https:\/\/www.urlaub-erlenbach.de\/wp-content\/uploads\/2020\/08\/25-e1598006633761.jpeg 1196w\" sizes=\"(max-width: 1024px) 100vw, 1024px\" \/><\/figure><\/li><\/ul><\/figure>\n","protected":false},"excerpt":{"rendered":"<p>Kloster Triefenstein liegt malerisch zwischen Lengfurt und Rettersheim . Hier veranstalten die Christusbr\u00fcder ganzj\u00e4hrig Messen und Veranstaltungen. Schloss Homburg Das Gebsattel-Schloss ist der &#8222;H\u00f6hepunkt&#8220; bei den Weinfesten, die dort oben stattfinden. Ein wunderbarer Blick auf das Maintal und die umliegenden Weinberge versetzt manchen in Urlaubsstimmung [&hellip;]<\/p>\n","protected":false},"author":1,"featured_media":0,"parent":0,"menu_order":0,"comment_status":"closed","ping_status":"closed","template":"","meta":{"footnotes":""},"_links":{"self":[{"href":"https:\/\/www.urlaub-erlenbach.de\/index.php\/wp-json\/wp\/v2\/pages\/189"}],"collection":[{"href":"https:\/\/www.urlaub-erlenbach.de\/index.php\/wp-json\/wp\/v2\/pages"}],"about":[{"href":"https:\/\/www.urlaub-erlenbach.de\/index.php\/wp-json\/wp\/v2\/types\/page"}],"author":[{"embeddable":true,"href":"https:\/\/www.urlaub-erlenbach.de\/index.php\/wp-json\/wp\/v2\/users\/1"}],"replies":[{"embeddable":true,"href":"https:\/\/www.urlaub-erlenbach.de\/index.php\/wp-json\/wp\/v2\/comments?post=189"}],"version-history":[{"count":7,"href":"https:\/\/www.urlaub-erlenbach.de\/index.php\/wp-json\/wp\/v2\/pages\/189\/revisions"}],"predecessor-version":[{"id":227,"href":"https:\/\/www.urlaub-erlenbach.de\/index.php\/wp-json\/wp\/v2\/pages\/189\/revisions\/227"}],"wp:attachment":[{"href":"https:\/\/www.urlaub-erlenbach.de\/index.php\/wp-json\/wp\/v2\/media?parent=189"}],"curies":[{"name":"wp","href":"https:\/\/api.w.org\/{rel}","templated":true}]}}