{"id":193,"date":"2020-08-21T12:25:43","date_gmt":"2020-08-21T10:25:43","guid":{"rendered":"https:\/\/www.urlaub-erlenbach.de\/?page_id=193"},"modified":"2020-09-07T16:30:40","modified_gmt":"2020-09-07T14:30:40","slug":"naturpark-spessart","status":"publish","type":"page","link":"https:\/\/www.urlaub-erlenbach.de\/index.php\/naturpark-spessart\/","title":{"rendered":"Naturpark Spessart"},"content":{"rendered":"\n<h2 class=\"wp-block-heading\">Naturpark Spessart<\/h2>\n\n\n\n<p>Wer gerne wandert, kann die vielen Wanderwege im Spessart nutzen, bekannte Wanderziele sind z. B.  &#8222;der Silvan&#8220; und &#8222;die Karlsh\u00f6he &#8222;, wo man dann einkehren kann. <\/p>\n\n\n\n<p>Das Wasserschlo\u00df Mespelbrunn ist eine Sehensw\u00fcrdigkeit , die man sich nicht entgehen lassen sollte. Dort wurde der Film &#8222;Das Wirtshaus im Spessart&#8220; gedreht.<\/p>\n","protected":false},"excerpt":{"rendered":"<p>Naturpark Spessart Wer gerne wandert, kann die vielen Wanderwege im Spessart nutzen, bekannte Wanderziele sind z. B. &#8222;der Silvan&#8220; und &#8222;die Karlsh\u00f6he &#8222;, wo man dann einkehren kann. Das Wasserschlo\u00df Mespelbrunn ist eine Sehensw\u00fcrdigkeit , die man sich nicht entgehen lassen sollte. Dort wurde der [&hellip;]<\/p>\n","protected":false},"author":1,"featured_media":0,"parent":0,"menu_order":0,"comment_status":"closed","ping_status":"closed","template":"","meta":{"footnotes":""},"_links":{"self":[{"href":"https:\/\/www.urlaub-erlenbach.de\/index.php\/wp-json\/wp\/v2\/pages\/193"}],"collection":[{"href":"https:\/\/www.urlaub-erlenbach.de\/index.php\/wp-json\/wp\/v2\/pages"}],"about":[{"href":"https:\/\/www.urlaub-erlenbach.de\/index.php\/wp-json\/wp\/v2\/types\/page"}],"author":[{"embeddable":true,"href":"https:\/\/www.urlaub-erlenbach.de\/index.php\/wp-json\/wp\/v2\/users\/1"}],"replies":[{"embeddable":true,"href":"https:\/\/www.urlaub-erlenbach.de\/index.php\/wp-json\/wp\/v2\/comments?post=193"}],"version-history":[{"count":6,"href":"https:\/\/www.urlaub-erlenbach.de\/index.php\/wp-json\/wp\/v2\/pages\/193\/revisions"}],"predecessor-version":[{"id":280,"href":"https:\/\/www.urlaub-erlenbach.de\/index.php\/wp-json\/wp\/v2\/pages\/193\/revisions\/280"}],"wp:attachment":[{"href":"https:\/\/www.urlaub-erlenbach.de\/index.php\/wp-json\/wp\/v2\/media?parent=193"}],"curies":[{"name":"wp","href":"https:\/\/api.w.org\/{rel}","templated":true}]}}