{"id":195,"date":"2020-08-21T12:25:58","date_gmt":"2020-08-21T10:25:58","guid":{"rendered":"https:\/\/www.urlaub-erlenbach.de\/?page_id=195"},"modified":"2020-09-07T16:16:39","modified_gmt":"2020-09-07T14:16:39","slug":"aschaffenburg","status":"publish","type":"page","link":"https:\/\/www.urlaub-erlenbach.de\/index.php\/aschaffenburg\/","title":{"rendered":"Aschaffenburg"},"content":{"rendered":"\n<h2 class=\"wp-block-heading\">Aschaffenburg<\/h2>\n\n\n\n<p>Auf der Fahrt durch den Spessart erreicht man nach ca. 50 km die Stadt Aschaffenburg mit ihrem sch\u00f6nen Schloss, Marktplatz (einmal im Jahr ist dort ein Fischmarkt und weitere Aktivit\u00e4ten) . Es befindet sich ein gro\u00dfes Einkaufszentrum (City-Galerie)<\/p>\n\n\n\n<p><\/p>\n\n\n\n<p><\/p>\n","protected":false},"excerpt":{"rendered":"<p>Aschaffenburg Auf der Fahrt durch den Spessart erreicht man nach ca. 50 km die Stadt Aschaffenburg mit ihrem sch\u00f6nen Schloss, Marktplatz (einmal im Jahr ist dort ein Fischmarkt und weitere Aktivit\u00e4ten) . Es befindet sich ein gro\u00dfes Einkaufszentrum (City-Galerie)<\/p>\n","protected":false},"author":1,"featured_media":0,"parent":0,"menu_order":0,"comment_status":"closed","ping_status":"closed","template":"","meta":{"footnotes":""},"_links":{"self":[{"href":"https:\/\/www.urlaub-erlenbach.de\/index.php\/wp-json\/wp\/v2\/pages\/195"}],"collection":[{"href":"https:\/\/www.urlaub-erlenbach.de\/index.php\/wp-json\/wp\/v2\/pages"}],"about":[{"href":"https:\/\/www.urlaub-erlenbach.de\/index.php\/wp-json\/wp\/v2\/types\/page"}],"author":[{"embeddable":true,"href":"https:\/\/www.urlaub-erlenbach.de\/index.php\/wp-json\/wp\/v2\/users\/1"}],"replies":[{"embeddable":true,"href":"https:\/\/www.urlaub-erlenbach.de\/index.php\/wp-json\/wp\/v2\/comments?post=195"}],"version-history":[{"count":4,"href":"https:\/\/www.urlaub-erlenbach.de\/index.php\/wp-json\/wp\/v2\/pages\/195\/revisions"}],"predecessor-version":[{"id":273,"href":"https:\/\/www.urlaub-erlenbach.de\/index.php\/wp-json\/wp\/v2\/pages\/195\/revisions\/273"}],"wp:attachment":[{"href":"https:\/\/www.urlaub-erlenbach.de\/index.php\/wp-json\/wp\/v2\/media?parent=195"}],"curies":[{"name":"wp","href":"https:\/\/api.w.org\/{rel}","templated":true}]}}