{"id":77,"date":"2020-08-13T15:58:37","date_gmt":"2020-08-13T13:58:37","guid":{"rendered":"https:\/\/www1.it-friese.de\/?page_id=77"},"modified":"2020-09-07T16:29:27","modified_gmt":"2020-09-07T14:29:27","slug":"wuerzburg","status":"publish","type":"page","link":"https:\/\/www.urlaub-erlenbach.de\/index.php\/wuerzburg\/","title":{"rendered":"W\u00fcrzburg"},"content":{"rendered":"\n<h2 class=\"wp-block-heading\">W\u00fcrzburg<\/h2>\n\n\n\n<p>Die <a href=\"https:\/\/www.wuerzburg.de\/\">Stadt<\/a> W\u00fcrzburg ist c.a. 30km von <a href=\"https:\/\/www.urlaub-erlenbach.de\/\">Erlenbach<\/a> entfernt. Sie hat viel zu bieten,  sowohl kulturell, als auch f\u00fcr Einkaufsbummler. <\/p>\n\n\n\n<p>Das Weltkulturerbe &#8222;Residenz&#8220;, das K\u00e4ppele &#8211; eine Wallfahrtskapelle, die Festung Marienberg mit Mainfr\u00e4nkischem Museum und fabelhafter Aussicht laden ein sich einen Eindruck \u00fcber die F\u00fcrsten und Bisch\u00f6fe  etc. zu machen.<\/p>\n\n\n\n<p>Ca. 60 Kirchen gibt es in W\u00fcrzburg. Viele Veranstaltungen auf der  Talavera, wie z. B. Afrika-Festival, Mainfranken-Messe, Zirkus, und inder Stadt &#8211; Stadtfest, Musikfest usw..<\/p>\n","protected":false},"excerpt":{"rendered":"<p>W\u00fcrzburg Die Stadt W\u00fcrzburg ist c.a. 30km von Erlenbach entfernt. Sie hat viel zu bieten, sowohl kulturell, als auch f\u00fcr Einkaufsbummler. Das Weltkulturerbe &#8222;Residenz&#8220;, das K\u00e4ppele &#8211; eine Wallfahrtskapelle, die Festung Marienberg mit Mainfr\u00e4nkischem Museum und fabelhafter Aussicht laden ein sich einen Eindruck \u00fcber die [&hellip;]<\/p>\n","protected":false},"author":1,"featured_media":0,"parent":0,"menu_order":0,"comment_status":"closed","ping_status":"closed","template":"","meta":{"footnotes":""},"_links":{"self":[{"href":"https:\/\/www.urlaub-erlenbach.de\/index.php\/wp-json\/wp\/v2\/pages\/77"}],"collection":[{"href":"https:\/\/www.urlaub-erlenbach.de\/index.php\/wp-json\/wp\/v2\/pages"}],"about":[{"href":"https:\/\/www.urlaub-erlenbach.de\/index.php\/wp-json\/wp\/v2\/types\/page"}],"author":[{"embeddable":true,"href":"https:\/\/www.urlaub-erlenbach.de\/index.php\/wp-json\/wp\/v2\/users\/1"}],"replies":[{"embeddable":true,"href":"https:\/\/www.urlaub-erlenbach.de\/index.php\/wp-json\/wp\/v2\/comments?post=77"}],"version-history":[{"count":7,"href":"https:\/\/www.urlaub-erlenbach.de\/index.php\/wp-json\/wp\/v2\/pages\/77\/revisions"}],"predecessor-version":[{"id":279,"href":"https:\/\/www.urlaub-erlenbach.de\/index.php\/wp-json\/wp\/v2\/pages\/77\/revisions\/279"}],"wp:attachment":[{"href":"https:\/\/www.urlaub-erlenbach.de\/index.php\/wp-json\/wp\/v2\/media?parent=77"}],"curies":[{"name":"wp","href":"https:\/\/api.w.org\/{rel}","templated":true}]}}